and p?
12
Suppose 2*w - n = 243, 5*w - n - 263 - 340 = 0. Let m = w + -72. Let d(j) = -j + 20. Let c be d(-12). Calculate the greatest common divisor of m and c.
16
Suppose 16*z - 80 + 16 = 0. Calculate the highest common factor of 110 and z.
2
Let b = -94 - -90. Let i be 15 - -2 - b - -3. What is the highest common factor of i and 120?
24
Let y(u) = -4*u - 7. Let x be 24/(-1) + -2 + 1. Let l = x - -18. Let h be y(l). Calculate the greatest common factor of 21 and h.
21
Let c be (-283)/(-5) - (36/(-5))/(-12). Calculate the greatest common divisor of 24 and c.
8
Let a be ((-12)/20)/(6/5460*-2). What is the highest common factor of a and 234?
39
Let r be (114/95)/((-2)/(-25)). Calculate the highest common factor of r and 12.
3
Suppose -9*s - 48 = -13*s. Suppose s*p = 8*p + 68. Calculate the greatest common divisor of p and 68.
17
Let t be (-44)/(5*(-3)/((-90)/(-12))). Calculate the highest common factor of 418 and t.
22
Suppose -4*y + 120 = 4*y. Suppose -2*p + 3*p = -z + 3, -5*z = -5*p - y. What is the highest common factor of z and 27?
3
Suppose 15*r - 14*r - 3085 = 4*u, -5*u - 6167 = -2*r. What is the greatest common factor of r and 39?
39
Let z = -122 - -447. What is the greatest common factor of z and 130?
65
Let d(p) = p**2 - 8. Let s be d(8). Suppose -13*t = -17*t + s. Calculate the highest common factor of 2 and t.
2
Suppose -l = 5*c - 1 + 7, 2 = c - 3*l. Let a be (-1235)/(-78) - c/6. Calculate the highest common divisor of a and 2.
2
Let o(k) = k**2 + 8*k + 6. Let l be o(5). Suppose 3*h = -3*s + 75, -2*s + 4*h = -h - l. Let w = 5 + s. Calculate the greatest common factor of 3 and w.
3
Let m(t) = 35*t**2 - 16*t + 7. Let f be m(1). What is the highest common divisor of f and 65?
13
Let u(i) = -10*i - 22. Let k be u(-4). Suppose -220*c = -217*c - k. Calculate the highest common divisor of c and 3.
3
Suppose 26*d - 832 = 10*d. What is the greatest common factor of d and 13?
13
Suppose 0 = 2*l - 396 - 588. Calculate the greatest common divisor of l and 12.
12
Let v(q) = -q**2 + 9*q - 7. Suppose -w = -t - 2, -2*w + t + 11 = 3. Let i be v(w). What is the highest common factor of 33 and i?
11
Let k = -290 - -518. What is the greatest common factor of 76 and k?
76
Let b(n) = -9*n - 7. Let k be b(7). Let u = k + 165. What is the greatest common divisor of u and 38?
19
Let s = -3 - -2. Let f be ((-4)/(-8)*-6)/s. Let q be -2 - (0 + (f - 95)). Calculate the greatest common divisor of q and 10.
10
Let t be (-8 + 83 - 10) + -1 + -4. Calculate the greatest common factor of 615 and t.
15
Suppose z - 14*v + 17*v = 65, 2*z - 130 = 5*v. Calculate the highest common factor of 10 and z.
5
Suppose 7*m - 3*m = j + 208, -220 = -4*m + 4*j. What is the highest common factor of m and 3?
3
Let o be -12 - -42 - (-2 + -2). What is the highest common divisor of o and 34?
34
Suppose -2*g = -p - 122, p - 5 = 3*g - 190. Calculate the highest common factor of 14 and g.
7
Suppose -13*p = -27994 - 22719. Calculate the greatest common divisor of 47 and p.
47
Let k(s) = -s**2 + s + 20. Let u be k(-3). Let v = -4 + 6. Suppose -5*m + 20 + 42 = v*b, 2*b - 38 = -3*m. What is the highest common factor of u and m?
4
Suppose c + 2*c = -5*r - 22, -c + 4*r = -4. Let y be (-5 - c)*(1 + -2). Let w be 2 + (3 - y) + 0. What is the highest common factor of 12 and w?
4
Let k be 306/8 - 2/8. Suppose 4*a = -c + k - 15, -c + 5*a + 5 = 0. What is the greatest common divisor of c and 105?
15
Suppose 4*l = -5*t + 35, -t = -0 + 5. Suppose -4*n = -l - 17. Let w = -4700 + 4732. Calculate the highest common divisor of n and w.
8
Let c(p) = p**3 + 2*p**2 - 4*p - 3. Let z be c(4). Let b = z + -44. What is the greatest common divisor of 11 and b?
11
Suppose -3534 = -3*b + 2*x, 0 = -5*b + 44*x - 46*x + 5890. What is the highest common divisor of 38 and b?
38
Let h(o) = 2*o**2 + 21*o - 132. Let z be h(-15). What is the greatest common divisor of 1203 and z?
3
Let w(k) = 21*k**2 - 39*k - 77. Let h be w(-2). What is the highest common divisor of 25 and h?
5
Let t(n) be the third derivative of -6*n**2 + 5/24*n**4 + 0*n + 0 + 0*n**3. Let i be t(3). Calculate the highest common factor of 3 and i.
3
Let f = 416 - 297. Let q = f + -56. Suppose -3*c + 7*c = 28. Calculate the greatest common factor of q and c.
7
Let o = -27 + 29. Let m be -2 + 3 - (-3 - 2). Suppose m*n + o*c = 2*n + 32, -5*c = -10. What is the highest common factor of 21 and n?
7
Let m = -802 + 1264. Calculate the highest common factor of m and 3.
3
Let b = -59 + 39. Let k be (2 - b) + 0 + -1. Calculate the greatest common factor of k and 21.
21
Let f(p) = 2*p**2 - 19*p + 12. Let y be f(12). Let b = y + 3. Let o be (-244)/(-16) - (-2)/(-8). Calculate the highest common divisor of b and o.
15
Let r = 31 + -8. Let n = r + -18. Suppose 0 = 4*z + d - 985, 11 + 14 = n*d. Calculate the greatest common divisor of z and 35.
35
Suppose 4*q = q - 4*r - 4, q = -3*r + 2. Let s(t) = -6*t**3 - 3*t**2 - 3*t - 7. Let z be s(q). Let c = -188 + z. What is the highest common factor of c and 17?
17
Let r be 98/21 + 2/6. Suppose 0 = r*a + 15, 3*j = 5*j - 2*a - 76. Let m = -8 - -15. What is the greatest common factor of m and j?
7
Suppose c + 4*f - 7 = 0, 2*f - 5 = -0*c - c. Suppose c*o = -276 + 900. What is the highest common factor of 26 and o?
26
Suppose 0 = -3*s + 27 + 57. Suppose -12*w = -16*w + s. What is the greatest common factor of w and 56?
7
Let m be (-6)/18*(-1 - 71). Suppose -j = -4*j + 18. Let f be (32/j)/((-30)/(-135)). What is the greatest common divisor of f and m?
24
Let k = -390 - -550. What is the greatest common divisor of 30 and k?
10
Suppose 4*t - 32 = 5*m - 116, 56 = 2*m + 4*t. Let w = 38 + -38. Let g be (w - (-4 - 1))/(6/36). What is the greatest common divisor of m and g?
10
Suppose 2*v = d, 0 = d - 2*v + v. Suppose d = -5*b + 13 + 2, 5*s - 71 = -2*b. What is the greatest common divisor of 143 and s?
13
Suppose 18*m = -591 + 2211. Calculate the greatest common divisor of m and 18.
18
Suppose 0 = 5*o + 3*l - 30, -4*l = o - 13 - 10. Suppose 5*x + 3*n - 323 = 0, 0 = -o*x - 3*n - 39 + 234. Calculate the greatest common divisor of x and 8.
8
Let g be (2/4 + -2)*-4. Let q(r) = -7*r - 9 + 13*r + 3*r - r**2. Let o be q(g). Calculate the greatest common factor of 9 and o.
9
Let d(z) = -3*z**2 + z + 2. Suppose k + w + 8 = -w, 0 = 3*k - 3*w + 15. Let p be d(k). Let c = 202 + p. Calculate the greatest common factor of 36 and c.
18
Suppose d + 4*w - 24 - 12 = 0, -64 = -d + 3*w. Suppose d = -0*l + 2*l. Let z be 12/24 - ((-25)/(-2))/(-1). Calculate the greatest common divisor of z and l.
13
Suppose 0 = -4*b - j + 347, -4*b = -3*b - 2*j - 98. Suppose 2*d - 6*d + 4*w = -b, d + 4*w = 7. What is the highest common divisor of d and 19?
19
Let d(h) be the third derivative of h**4/4 + 5*h**3/2 - 10*h**2. Let k be d(-6). Let y = 44 - k. What is the greatest common divisor of 13 and y?
13
Let i be (-1)/4 - (-11)/44. Suppose f - 3*f + 8 = i. Suppose 3 = f*g - 237. Calculate the highest common divisor of 15 and g.
15
Let v be 3/(-2)*(-2 - -13 - 13). Suppose 6*b - 2*b = 12. What is the highest common factor of v and b?
3
Suppose -2*p + 4 = -6. Suppose p*k = 10*k - 50. What is the greatest common divisor of k and 90?
10
Suppose 226 + 992 = 7*k. Let h = -146 + k. Calculate the highest common divisor of 126 and h.
14
Let k be 5/(5/(-12))*-1. Suppose 17 = 4*z + 5. Suppose -3*o + 216 = z*o. Calculate the highest common divisor of o and k.
12
Let p = 435 - 165. What is the greatest common factor of p and 150?
30
Suppose 58*q - 40*q = 1674. What is the highest common factor of 124 and q?
31
Let t be (-4)/((2/7)/1). Let j be 4/t + (-38)/(-133). Suppose j = 5*l - 45 + 15. Calculate the highest common divisor of l and 4.
2
Suppose 0*x + 15 = -x. Let m be (-1221)/(-9) + (-5)/x. Calculate the greatest common factor of m and 17.
17
Suppose -r - 3*k = -2*k - 50, -85 = -2*r + 3*k. Calculate the greatest common factor of r and 1457.
47
Let h = -7 + 21. Suppose -4*f + 2*f = -h. Let s = 2 - 1. What is the highest common divisor of f and s?
1
Let q be -8*((-42)/(-8))/(-1). Let h(r) = -139*r + 7. Let p be h(-1). Suppose -15*z + 566 - p = 0. What is the greatest common factor of q and z?
14
Let c(f) = 10*f**3 - 1. Let g be c(1). Let p(m) = 8*m**2 - 3. Let u be p(3). Let d = u - g. What 